{"id":1877,"date":"2025-09-30T23:03:56","date_gmt":"2025-09-30T23:03:56","guid":{"rendered":"https:\/\/clinicaecya.cl\/?page_id=1877"},"modified":"2025-09-30T23:07:28","modified_gmt":"2025-09-30T23:07:28","slug":"crecimiento_de_cejas","status":"publish","type":"page","link":"https:\/\/clinicaecya.cl\/index.php\/novedades\/crecimiento_de_cejas\/","title":{"rendered":"Crecimiento_de_cejas"},"content":{"rendered":"\t\t<div data-elementor-type=\"wp-page\" data-elementor-id=\"1877\" class=\"elementor elementor-1877\">\n\t\t\t\t<div class=\"elementor-element elementor-element-a69e836 e-flex e-con-boxed wpr-particle-no wpr-jarallax-no wpr-parallax-no wpr-sticky-section-no e-con e-parent\" data-id=\"a69e836\" data-element_type=\"container\" data-settings=\"{&quot;background_background&quot;:&quot;classic&quot;}\">\n\t\t\t\t\t<div class=\"e-con-inner\">\n\t\t<div class=\"elementor-element elementor-element-9e15684 e-flex e-con-boxed wpr-particle-no wpr-jarallax-no wpr-parallax-no wpr-sticky-section-no e-con e-child\" data-id=\"9e15684\" data-element_type=\"container\">\n\t\t\t\t\t<div class=\"e-con-inner\">\n\t\t\t\t<div class=\"elementor-element elementor-element-7605fa9 elementor-widget__width-initial elementor-widget elementor-widget-heading\" data-id=\"7605fa9\" data-element_type=\"widget\" data-widget_type=\"heading.default\">\n\t\t\t\t\t<h2 class=\"elementor-heading-title elementor-size-default\">Crecimiento de cejas<\/h2>\t\t\t\t<\/div>\n\t\t\t\t\t<\/div>\n\t\t\t\t<\/div>\n\t\t\t\t\t<\/div>\n\t\t\t\t<\/div>\n\t\t<div class=\"elementor-element elementor-element-fb8bda9 e-flex e-con-boxed wpr-particle-no wpr-jarallax-no wpr-parallax-no wpr-sticky-section-no elementor-invisible e-con e-parent\" data-id=\"fb8bda9\" data-element_type=\"container\" data-settings=\"{&quot;animation&quot;:&quot;zoomIn&quot;}\">\n\t\t\t\t\t<div class=\"e-con-inner\">\n\t\t\t\t<div class=\"elementor-element elementor-element-745b513 elementor-widget elementor-widget-heading\" data-id=\"745b513\" data-element_type=\"widget\" data-widget_type=\"heading.default\">\n\t\t\t\t\t<h2 class=\"elementor-heading-title elementor-size-default\">Un nuevo horizonte para pacientes con ros\u00e1cea<\/h2>\t\t\t\t<\/div>\n\t\t\t\t<div class=\"elementor-element elementor-element-d2fa2cb elementor-widget elementor-widget-text-editor\" data-id=\"d2fa2cb\" data-element_type=\"widget\" data-widget_type=\"text-editor.default\">\n\t\t\t\t\t\t\t\t\t<p class=\"p1\">La tendencia hacia cejas m\u00e1s gruesas y naturales se ha asociado con un look m\u00e1s juvenil y saludable. En este articulo la doctora Marcela Cerda te cuenta algunos consejos para lograrlo.<br \/><br \/>Revisa ac\u00e1 la publicaci\u00f3n de <b>Las \u00daltimas Noticias <\/b>. Lunes 16 de junio 2025<\/p>\t\t\t\t\t\t\t\t<\/div>\n\t\t\t\t\t<\/div>\n\t\t\t\t<\/div>\n\t\t<div class=\"elementor-element elementor-element-01610bc e-flex e-con-boxed wpr-particle-no wpr-jarallax-no wpr-parallax-no wpr-sticky-section-no e-con e-parent\" data-id=\"01610bc\" data-element_type=\"container\">\n\t\t\t\t\t<div class=\"e-con-inner\">\n\t\t\t\t<div class=\"elementor-element elementor-element-653f3e5 elementor-invisible elementor-widget elementor-widget-image\" data-id=\"653f3e5\" data-element_type=\"widget\" data-settings=\"{&quot;_animation&quot;:&quot;fadeInUp&quot;}\" data-widget_type=\"image.default\">\n\t\t\t\t\t\t\t\t\t\t\t\t\t\t\t<img fetchpriority=\"high\" decoding=\"async\" width=\"2072\" height=\"2560\" src=\"https:\/\/clinicaecya.cl\/wp-content\/uploads\/2025\/09\/Las-ultimas-Noticias-scaled.jpg\" class=\"attachment-full size-full wp-image-1882\" alt=\"\" srcset=\"https:\/\/clinicaecya.cl\/wp-content\/uploads\/2025\/09\/Las-ultimas-Noticias-scaled.jpg 2072w, https:\/\/clinicaecya.cl\/wp-content\/uploads\/2025\/09\/Las-ultimas-Noticias-243x300.jpg 243w, https:\/\/clinicaecya.cl\/wp-content\/uploads\/2025\/09\/Las-ultimas-Noticias-829x1024.jpg 829w, https:\/\/clinicaecya.cl\/wp-content\/uploads\/2025\/09\/Las-ultimas-Noticias-768x949.jpg 768w, https:\/\/clinicaecya.cl\/wp-content\/uploads\/2025\/09\/Las-ultimas-Noticias-1243x1536.jpg 1243w, https:\/\/clinicaecya.cl\/wp-content\/uploads\/2025\/09\/Las-ultimas-Noticias-1658x2048.jpg 1658w\" sizes=\"(max-width: 2072px) 100vw, 2072px\" \/>\t\t\t\t\t\t\t\t\t\t\t\t\t\t\t<\/div>\n\t\t\t\t\t<\/div>\n\t\t\t\t<\/div>\n\t\t\t\t<\/div>\n\t\t","protected":false},"excerpt":{"rendered":"<p>Crecimiento de cejas Un nuevo horizonte para pacientes con ros\u00e1cea La tendencia hacia cejas m\u00e1s gruesas y naturales se ha asociado con un look m\u00e1s juvenil y saludable. En este articulo la doctora Marcela Cerda te cuenta algunos consejos para lograrlo. Revisa ac\u00e1 la publicaci\u00f3n de Las \u00daltimas Noticias . Lunes 16 de junio 2025<\/p>\n","protected":false},"author":1,"featured_media":0,"parent":32,"menu_order":2,"comment_status":"closed","ping_status":"closed","template":"elementor_canvas","meta":{"footnotes":""},"class_list":["post-1877","page","type-page","status-publish","hentry"],"_links":{"self":[{"href":"https:\/\/clinicaecya.cl\/index.php\/wp-json\/wp\/v2\/pages\/1877","targetHints":{"allow":["GET"]}}],"collection":[{"href":"https:\/\/clinicaecya.cl\/index.php\/wp-json\/wp\/v2\/pages"}],"about":[{"href":"https:\/\/clinicaecya.cl\/index.php\/wp-json\/wp\/v2\/types\/page"}],"author":[{"embeddable":true,"href":"https:\/\/clinicaecya.cl\/index.php\/wp-json\/wp\/v2\/users\/1"}],"replies":[{"embeddable":true,"href":"https:\/\/clinicaecya.cl\/index.php\/wp-json\/wp\/v2\/comments?post=1877"}],"version-history":[{"count":7,"href":"https:\/\/clinicaecya.cl\/index.php\/wp-json\/wp\/v2\/pages\/1877\/revisions"}],"predecessor-version":[{"id":1885,"href":"https:\/\/clinicaecya.cl\/index.php\/wp-json\/wp\/v2\/pages\/1877\/revisions\/1885"}],"up":[{"embeddable":true,"href":"https:\/\/clinicaecya.cl\/index.php\/wp-json\/wp\/v2\/pages\/32"}],"wp:attachment":[{"href":"https:\/\/clinicaecya.cl\/index.php\/wp-json\/wp\/v2\/media?parent=1877"}],"curies":[{"name":"wp","href":"https:\/\/api.w.org\/{rel}","templated":true}]}}