{"id":1868,"date":"2025-09-30T22:56:04","date_gmt":"2025-09-30T22:56:04","guid":{"rendered":"https:\/\/clinicaecya.cl\/?page_id=1868"},"modified":"2025-09-30T23:00:32","modified_gmt":"2025-09-30T23:00:32","slug":"rosacea","status":"publish","type":"page","link":"https:\/\/clinicaecya.cl\/index.php\/novedades\/rosacea\/","title":{"rendered":"rosacea"},"content":{"rendered":"\t\t<div data-elementor-type=\"wp-page\" data-elementor-id=\"1868\" class=\"elementor elementor-1868\">\n\t\t\t\t<div class=\"elementor-element elementor-element-a69e836 e-flex e-con-boxed wpr-particle-no wpr-jarallax-no wpr-parallax-no wpr-sticky-section-no e-con e-parent\" data-id=\"a69e836\" data-element_type=\"container\" data-settings=\"{&quot;background_background&quot;:&quot;classic&quot;}\">\n\t\t\t\t\t<div class=\"e-con-inner\">\n\t\t<div class=\"elementor-element elementor-element-9e15684 e-flex e-con-boxed wpr-particle-no wpr-jarallax-no wpr-parallax-no wpr-sticky-section-no e-con e-child\" data-id=\"9e15684\" data-element_type=\"container\">\n\t\t\t\t\t<div class=\"e-con-inner\">\n\t\t\t\t<div class=\"elementor-element elementor-element-7605fa9 elementor-widget__width-initial elementor-widget elementor-widget-heading\" data-id=\"7605fa9\" data-element_type=\"widget\" data-widget_type=\"heading.default\">\n\t\t\t\t\t<h2 class=\"elementor-heading-title elementor-size-default\">Ros\u00e1cea<\/h2>\t\t\t\t<\/div>\n\t\t\t\t\t<\/div>\n\t\t\t\t<\/div>\n\t\t\t\t\t<\/div>\n\t\t\t\t<\/div>\n\t\t<div class=\"elementor-element elementor-element-fb8bda9 e-flex e-con-boxed wpr-particle-no wpr-jarallax-no wpr-parallax-no wpr-sticky-section-no elementor-invisible e-con e-parent\" data-id=\"fb8bda9\" data-element_type=\"container\" data-settings=\"{&quot;animation&quot;:&quot;zoomIn&quot;}\">\n\t\t\t\t\t<div class=\"e-con-inner\">\n\t\t\t\t<div class=\"elementor-element elementor-element-745b513 elementor-widget elementor-widget-heading\" data-id=\"745b513\" data-element_type=\"widget\" data-widget_type=\"heading.default\">\n\t\t\t\t\t<h2 class=\"elementor-heading-title elementor-size-default\">Un nuevo horizonte para pacientes con ros\u00e1cea<\/h2>\t\t\t\t<\/div>\n\t\t\t\t<div class=\"elementor-element elementor-element-d2fa2cb elementor-widget elementor-widget-text-editor\" data-id=\"d2fa2cb\" data-element_type=\"widget\" data-widget_type=\"text-editor.default\">\n\t\t\t\t\t\t\t\t\t<p class=\"p1\">La ros\u00e1cea es una enfermedad inflamatoria cr\u00f3nica que afecta principalmente al rostro y que, pese a no ser una condici\u00f3n grave desde el punto de vista vital, puede impactar profundamente la calidad de vida de quienes la padecen.<br \/>Revisa ac\u00e1 la publicaci\u00f3n de <strong>El Mercurio<\/strong> en <strong>Econom\u00eda y Negocios<\/strong>. Lunes 29 de septiembre 2025<\/p>\t\t\t\t\t\t\t\t<\/div>\n\t\t\t\t\t<\/div>\n\t\t\t\t<\/div>\n\t\t<div class=\"elementor-element elementor-element-01610bc e-flex e-con-boxed wpr-particle-no wpr-jarallax-no wpr-parallax-no wpr-sticky-section-no e-con e-parent\" data-id=\"01610bc\" data-element_type=\"container\">\n\t\t\t\t\t<div class=\"e-con-inner\">\n\t\t\t\t<div class=\"elementor-element elementor-element-653f3e5 elementor-invisible elementor-widget elementor-widget-image\" data-id=\"653f3e5\" data-element_type=\"widget\" data-settings=\"{&quot;_animation&quot;:&quot;fadeInUp&quot;}\" data-widget_type=\"image.default\">\n\t\t\t\t\t\t\t\t\t\t\t\t\t\t\t<img fetchpriority=\"high\" decoding=\"async\" width=\"1615\" height=\"1307\" src=\"https:\/\/clinicaecya.cl\/wp-content\/uploads\/2025\/09\/El_Mercurio.jpg\" class=\"attachment-full size-full wp-image-1870\" alt=\"\" srcset=\"https:\/\/clinicaecya.cl\/wp-content\/uploads\/2025\/09\/El_Mercurio.jpg 1615w, https:\/\/clinicaecya.cl\/wp-content\/uploads\/2025\/09\/El_Mercurio-300x243.jpg 300w, https:\/\/clinicaecya.cl\/wp-content\/uploads\/2025\/09\/El_Mercurio-1024x829.jpg 1024w, https:\/\/clinicaecya.cl\/wp-content\/uploads\/2025\/09\/El_Mercurio-768x622.jpg 768w, https:\/\/clinicaecya.cl\/wp-content\/uploads\/2025\/09\/El_Mercurio-1536x1243.jpg 1536w\" sizes=\"(max-width: 1615px) 100vw, 1615px\" \/>\t\t\t\t\t\t\t\t\t\t\t\t\t\t\t<\/div>\n\t\t\t\t\t<\/div>\n\t\t\t\t<\/div>\n\t\t\t\t<\/div>\n\t\t","protected":false},"excerpt":{"rendered":"<p>Ros\u00e1cea Un nuevo horizonte para pacientes con ros\u00e1cea La ros\u00e1cea es una enfermedad inflamatoria cr\u00f3nica que afecta principalmente al rostro y que, pese a no ser una condici\u00f3n grave desde el punto de vista vital, puede impactar profundamente la calidad de vida de quienes la padecen.Revisa ac\u00e1 la publicaci\u00f3n de El Mercurio en Econom\u00eda y Negocios. Lunes 29 de septiembre 2025<\/p>\n","protected":false},"author":1,"featured_media":0,"parent":32,"menu_order":2,"comment_status":"closed","ping_status":"closed","template":"elementor_canvas","meta":{"footnotes":""},"class_list":["post-1868","page","type-page","status-publish","hentry"],"_links":{"self":[{"href":"https:\/\/clinicaecya.cl\/index.php\/wp-json\/wp\/v2\/pages\/1868","targetHints":{"allow":["GET"]}}],"collection":[{"href":"https:\/\/clinicaecya.cl\/index.php\/wp-json\/wp\/v2\/pages"}],"about":[{"href":"https:\/\/clinicaecya.cl\/index.php\/wp-json\/wp\/v2\/types\/page"}],"author":[{"embeddable":true,"href":"https:\/\/clinicaecya.cl\/index.php\/wp-json\/wp\/v2\/users\/1"}],"replies":[{"embeddable":true,"href":"https:\/\/clinicaecya.cl\/index.php\/wp-json\/wp\/v2\/comments?post=1868"}],"version-history":[{"count":4,"href":"https:\/\/clinicaecya.cl\/index.php\/wp-json\/wp\/v2\/pages\/1868\/revisions"}],"predecessor-version":[{"id":1873,"href":"https:\/\/clinicaecya.cl\/index.php\/wp-json\/wp\/v2\/pages\/1868\/revisions\/1873"}],"up":[{"embeddable":true,"href":"https:\/\/clinicaecya.cl\/index.php\/wp-json\/wp\/v2\/pages\/32"}],"wp:attachment":[{"href":"https:\/\/clinicaecya.cl\/index.php\/wp-json\/wp\/v2\/media?parent=1868"}],"curies":[{"name":"wp","href":"https:\/\/api.w.org\/{rel}","templated":true}]}}